mainder when 331 is divided by v(3).
97
Let n(j) = -3*j - 39. Let v be n(-13). Suppose -6*f = -v*f - 96. Calculate the remainder when f is divided by 12/9*(5 + 4).
4
Suppose -244*h + 223794 = -210745 + 64635. What is the remainder when h is divided by 20?
16
Let b(w) = -18*w + 88. Let m be b(-6). Let t = m + -167. What is the remainder when 39 is divided by t?
10
Suppose 0 = 4*b - 2*b + 4*d - 90, 53 = b - 2*d. Suppose 5*o = -5*w + 135, o + 3*o - 107 = -3*w. Calculate the remainder when b is divided by o.
23
Let p(f) = -f**3 + 78*f**2 - 366*f + 136. What is the remainder when 193 is divided by p(73)?
4
Suppose -p = -9*p + 352. Suppose -78*h + 912 = -21*h. What is the remainder when p is divided by h?
12
Suppose 5*v + 20741 - 23111 = 0. What is the remainder when v is divided by 52?
6
Let k(c) = -54*c + 72. Let o be k(-4). Let d = o + -278. What is the remainder when 117 is divided by d?
7
Suppose 14*g - 77*g = -1953. Calculate the remainder when 3063 is divided by g.
25
Suppose -21*s + 10410 + 5067 = 0. What is the remainder when s is divided by 156?
113
Let l be (6/16)/((-3)/(-24)). Suppose -l*o - 21 = -126. Suppose o + 136 = 3*i. Calculate the remainder when i is divided by 10.
7
Suppose -4*g - 1 = -5*g, 0 = -2*q + 4*g + 26. Calculate the remainder when 1075 is divided by q.
10
Let j(o) = -o**3 + 24*o**2 - 142*o + 40. What is the remainder when 80 is divided by j(14)?
8
Let t(u) = u**2 + 3*u + 1. Let d(a) = -6*a**2 - 66*a - 156. Let l(v) = d(v) + 5*t(v). Calculate the remainder when l(-47) is divided by 7.
2
Let m = -50 - -54. Let y be 8 - (0 + 3) - 2. Suppose 2*a - a = -2*i + 7, y*i = 3*a - 48. What is the remainder when a is divided by m?
1
Let h(y) = -y**3 + 8*y**2 - 8*y - 8. Let s be 18/(-4)*4/(-3). What is the remainder when h(s) is divided by 6?
4
Suppose -23*y + 26*y - 2577 = 3*x, -x - 3421 = -4*y. Calculate the remainder when y is divided by 177.
146
Suppose -3*x - 330 = 2*b - 5*b, -4*b = -2*x - 438. Let c = b - 38. Let t = c + -60. Calculate the remainder when 32 is divided by t.
10
Let y = -386404 + 386441. Suppose c + 2 = 4*i, -4*i - 30 = -5*c + 8. What is the remainder when y is divided by c?
7
Let g(o) = 22*o - 292. What is the remainder when 281 is divided by g(14)?
9
What is the remainder when 870 is divided by -6 + 6 + 9010/40 + (-3)/(-4)?
192
Let c(a) = a**2 + 25. Suppose 2*p = 4*i + 8, 4*i + 2*p - 1 = i. Let g(n) = -10*n**2 - n + 1. Let w be g(i). What is the remainder when c(w) is divided by 45?
44
Let n = 86 + -78. Let x(g) be the third derivative of g**4/6 + 15*g**2. Calculate the remainder when n is divided by x(1).
0
Let t = 8 + 0. Suppose 2*k - 2 = -h, 27 = -0*k + 5*k - 3*h. Suppose c + k = -5*w + 63, 4*w = 5*c + 48. Calculate the remainder when w is divided by t.
4
Let s = 2 - -2. Suppose -4*z = z - s*v - 58, -4*z + 5*v = -41. Suppose -189 = -10*p + 221. What is the remainder when p is divided by z?
13
Let a(d) = -d**2 - 5*d - 9. Let f be a(-3). Calculate the remainder when 103 is divided by ((-90)/(-4))/(f/(-2)).
13
What is the remainder when 8924 is divided by (372/8)/(32/256)?
368
Let s(b) = b**3 - b + 10. Suppose 4*u + 5*a + 13 = 0, 6*u - 8*u - 2*a - 4 = 0. What is the remainder when 99 is divided by s(u)?
31
Let f be 5676/(-559) + 4/26. Let k(r) = 2*r**3 + 20*r**2 - 3*r - 22. What is the remainder when 34 is divided by k(f)?
2
Let y(k) be the third derivative of 0*k + 25*k**2 - 19/3*k**3 - 3/10*k**5 + 1/8*k**4 + 1/120*k**6 + 0. What is the remainder when 27 is divided by y(18)?
11
Let y = -2 + 14. Let t(z) = 28*z**3 - 2*z**2 + 2*z - 1. What is the remainder when t(1) is divided by y?
3
Let w(h) = h**2 - 75*h - 661. What is the remainder when 258 is divided by w(83)?
0
Let u = -110 + 112. What is the remainder when (-30)/(-5) - u - -23 is divided by 13?
1
Let n = -79 + 19. Let v = -9 - n. What is the remainder when 162 is divided by v?
9
Suppose -2*i + 4*f + 24 = -0*i, -4*f + 8 = 0. Suppose -i*g + 25*g = -18. What is the remainder when (g + 6)*(6 + 0 + -3) is divided by 5?
2
Let t = 2444 + -13588. What is the remainder when 2/(-7*16/t) is divided by 63?
10
Suppose 5*s - 9*o - 205 = 0, 62*o - 42 = -4*s + 57*o. What is the remainder when 195*4*2/20 is divided by s?
9
Suppose 31 - 1 = 5*j. Suppose -j*t = 4*t - 110. Suppose 8*g - t - 365 = 0. What is the remainder when 186 is divided by g?
45
Calculate the remainder when 329 is divided by 10 + 1 + -5 + 32.
25
Suppose 5*f + 4*d = 8*d - 11, 13 = -3*f - 4*d. What is the remainder when (156/(-9) - -7)*f is divided by 23?
8
Suppose 0 = -1489*l + 1496*l - 91. Calculate the remainder when 1596 is divided by l.
10
What is the remainder when 1951 is divided by 29/(-551) + 612/76?
7
Let p(d) be the second derivative of 7/6*d**3 - 1/12*d**4 + 0 - 21*d + 4*d**2. What is the remainder when 38 is divided by p(4)?
18
Let v(p) = p**2 + 9*p + 6. Let o be v(-6). Let z(j) = -j**2 - 12*j - 4. Let q be z(o). Let k = q + 72. What is the remainder when k is divided by 10?
8
Suppose -4*k - f = -532 + 91, k = -2*f + 105. What is the remainder when 886 is divided by k?
109
Suppose -440 = 63*f - 65*f. Suppose -749*g - f = -759*g. Let x(z) = 4*z - 4. Calculate the remainder when g is divided by x(3).
6
Suppose -264*m = -267*m + 444. Let j = m + -140. Calculate the remainder when 64 is divided by j.
0
Let i(b) = 2*b**2 + 41*b + 16. Let r be i(-20). What is the remainder when 74 is divided by -19*((-8)/r + -3)?
17
Suppose -3*h = 2*s - 333, 0*s = -4*s. Let z = h - 60. Let i = z - 35. Calculate the remainder when i is divided by 14.
2
Suppose q = -c + 12, 5*c - 5 + 80 = 4*q. Calculate the remainder when 177 is divided by q.
12
Suppose -r = -9 - 18. Let x = 7979 - 7973. What is the remainder when r is divided by x?
3
Suppose 302*i - 11539 = 11111. Calculate the remainder when i is divided by 12.
3
Let g(x) = 133*x + 1433. What is the remainder when g(-4) is divided by 12?
1
Suppose 4*z + 3*a - 43 = -2*a, 0 = -3*z + 3*a + 66. Suppose 3*c = 4*g - 311, 2*g - 174 = -5*c - 25. Calculate the remainder when g is divided by z.
9
Suppose y = -2*y, -2*j - 2*y + 60 = 0. Let p = 28 - j. What is the remainder when 35*((-13)/(-5) + p) is divided by 9?
3
Suppose -4*z + 2*u = -790, -577 = -4*z + u + 210. Let i = 57 + -53. What is the remainder when ((-2)/8)/((-7)/z) is divided by i?
3
Let n(x) = 3*x + 9. Let d(y) = 12*y + 35. Let h(q) = 4*d(q) - 18*n(q). Calculate the remainder when 207 is divided by h(-8).
25
Let k(o) = 3*o**2 + 10*o - 2. Let a be (1 - 19)*75/50*-4. Let w = 133 - a. Calculate the remainder when k(-10) is divided by w.
23
Let g = -1318 + 1426. What is the remainder when 281 is divided by g?
65
Let u = 140 + -127. Suppose 2*x - 3*l - 9 + 0 = 0, 4*l = -5*x - 12. Suppose x = -9*b + u*b - 96. What is the remainder when 95 is divided by b?
23
Let h = 1431 - 1167. Calculate the remainder when h is divided by (-2)/(((-24)/(-76))/(-6)).
36
Suppose -137*l + s + 8730 = -135*l, 2*l = 5*s + 8730. Calculate the remainder when l is divided by 74.
73
Suppose -4*v - 3*a = -1528, 4*v + 4*a + 15 - 1543 = 0. What is the remainder when v is divided by 127?
1
Let f = -246 + -151. Let i = -344 - f. What is the remainder when i is divided by 9?
8
Let i = -26634 + 28980. What is the remainder when i is divided by 11?
3
Suppose -2*i + 87*i = 69785. What is the remainder when i is divided by 79?
31
Let d = 45289 + -30188. Calculate the remainder when d is divided by 59.
56
Suppose -39*c - 248 = -41*c + b, 5*c - 609 = -3*b. Calculate the remainder when c is divided by 33.
24
Let l(v) = 7*v + 52. Calculate the remainder when l(25) is divided by (58/(-8))/(3/(-12)).
24
Suppose 14*w + 2182 = 726. Let g be (w/6)/(11/((-1155)/(-10))). Let c = -126 - g. Calculate the remainder when c is divided by 19.
18
Let v(c) = -51*c - 422. Let b = -15 + 34. What is the remainder when v(-9) is divided by b?
18
Suppose -284 = -4*q - 4*c, -q - q - 3*c + 146 = 0. Let i be (-1)/(-5) + (7 - (-1078)/10). Suppose 8*v - i = 3*v. What is the remainder when q is divided by v?
21
Suppose 21*h = -3*h + 14328. Suppose 0 = 601*g - h*g - 164. Calculate the remainder when 1*(61 - 0)*4 is divided by g.
39
Let k be 64/(48/(-27) - -2). Suppose -11*z - k = -15*z. What is the remainder when z is divided by (-1)/((-370)/(-125) + -3)?
22
Let c(k) = 3*k**2 - 21*k